{"id":207,"date":"2025-03-31T14:23:47","date_gmt":"2025-03-31T12:23:47","guid":{"rendered":"https:\/\/castor-pollux-bateau.com\/?page_id=207"},"modified":"2025-03-31T14:26:45","modified_gmt":"2025-03-31T12:26:45","slug":"mentions-legales","status":"publish","type":"page","link":"https:\/\/castor-pollux-bateau.com\/index.php\/mentions-legales\/","title":{"rendered":"Mentions l\u00e9gales"},"content":{"rendered":"\t\t<div data-elementor-type=\"wp-page\" data-elementor-id=\"207\" class=\"elementor elementor-207\" data-elementor-post-type=\"page\">\n\t\t\t\t<div class=\"elementor-element elementor-element-0e338a9 e-flex e-con-boxed e-con e-parent\" data-id=\"0e338a9\" data-element_type=\"container\" data-e-type=\"container\">\n\t\t\t\t\t<div class=\"e-con-inner\">\n\t\t\t\t<div class=\"elementor-element elementor-element-af3b9b2 elementor-widget elementor-widget-heading\" data-id=\"af3b9b2\" data-element_type=\"widget\" data-e-type=\"widget\" data-widget_type=\"heading.default\">\n\t\t\t\t<div class=\"elementor-widget-container\">\n\t\t\t\t\t<h1 class=\"elementor-heading-title elementor-size-default\">Mentions l\u00e9gales<\/h1>\t\t\t\t<\/div>\n\t\t\t\t<\/div>\n\t\t\t\t\t<\/div>\n\t\t\t\t<\/div>\n\t\t<div class=\"elementor-element elementor-element-f1760cd e-flex e-con-boxed e-con e-parent\" data-id=\"f1760cd\" data-element_type=\"container\" data-e-type=\"container\">\n\t\t\t\t\t<div class=\"e-con-inner\">\n\t\t\t\t<div class=\"elementor-element elementor-element-fb9ac23 elementor-widget elementor-widget-text-editor\" data-id=\"fb9ac23\" data-element_type=\"widget\" data-e-type=\"widget\" data-widget_type=\"text-editor.default\">\n\t\t\t\t<div class=\"elementor-widget-container\">\n\t\t\t\t\t\t\t\t\t<p><strong>Nom de la soci\u00e9t\u00e9 :<\/strong>\u00a0Castor et Pollux<br \/><strong>Num\u00e9ro de Siret :<\/strong>\u00a098240871800012<br \/><strong>Nom du responsable :<\/strong>\u00a0Emmanuel GERBAUD<\/p><p><strong>Adresse de la soci\u00e9t\u00e9 :<\/strong>\u00a0F- 33950 L\u00e8ge-Cap-Ferret<br \/><strong>Adresse du si\u00e8ge social de la soci\u00e9t\u00e9 :<\/strong>\u00a0F- 33950 L\u00e8ge-Cap-Ferret<\/p><p><strong>EDITEUR DE LA PUBLICATION :<\/strong>\u00a0Castor et Pollux<br \/><strong>DIRECTEUR DE LA PUBLICATION :<\/strong>\u00a0Castor et Pollux<br \/><strong>RESPONSABLE DE LA REDACTION :<\/strong>\u00a0Castor et Pollux<br \/><strong>HEBERGEUR :<\/strong> OVH 2 rue Kellermann &#8211; 59100 Roubaix &#8211; France<br \/><strong>WEBMASTER :<\/strong> T\u00e9o THOMAS FREELANCE<\/p>\t\t\t\t\t\t\t\t<\/div>\n\t\t\t\t<\/div>\n\t\t\t\t\t<\/div>\n\t\t\t\t<\/div>\n\t\t\t\t<\/div>\n\t\t","protected":false},"excerpt":{"rendered":"<p>Mentions l\u00e9gales Nom de la soci\u00e9t\u00e9 :\u00a0Castor et PolluxNum\u00e9ro de Siret :\u00a098240871800012Nom du responsable :\u00a0Emmanuel GERBAUD Adresse de la soci\u00e9t\u00e9 :\u00a0F- 33950 L\u00e8ge-Cap-FerretAdresse du si\u00e8ge social de la soci\u00e9t\u00e9 :\u00a0F- 33950 L\u00e8ge-Cap-Ferret EDITEUR DE LA PUBLICATION :\u00a0Castor et PolluxDIRECTEUR DE LA PUBLICATION :\u00a0Castor et PolluxRESPONSABLE DE LA REDACTION :\u00a0Castor et PolluxHEBERGEUR : OVH 2 rue [&hellip;]<\/p>\n","protected":false},"author":2,"featured_media":0,"parent":0,"menu_order":0,"comment_status":"closed","ping_status":"closed","template":"elementor_header_footer","meta":{"footnotes":""},"class_list":["post-207","page","type-page","status-publish","hentry"],"yoast_head":"<!-- This site is optimized with the Yoast SEO plugin v27.4 - https:\/\/yoast.com\/product\/yoast-seo-wordpress\/ -->\n<title>Mentions l\u00e9gales - Castor et Pollux<\/title>\n<meta name=\"robots\" content=\"index, follow, max-snippet:-1, max-image-preview:large, max-video-preview:-1\" \/>\n<link rel=\"canonical\" href=\"https:\/\/castor-pollux-bateau.com\/index.php\/mentions-legales\/\" \/>\n<meta property=\"og:locale\" content=\"en_US\" \/>\n<meta property=\"og:type\" content=\"article\" \/>\n<meta property=\"og:title\" content=\"Mentions l\u00e9gales - Castor et Pollux\" \/>\n<meta property=\"og:description\" content=\"Mentions l\u00e9gales Nom de la soci\u00e9t\u00e9 :\u00a0Castor et PolluxNum\u00e9ro de Siret :\u00a098240871800012Nom du responsable :\u00a0Emmanuel GERBAUD Adresse de la soci\u00e9t\u00e9 :\u00a0F- 33950 L\u00e8ge-Cap-FerretAdresse du si\u00e8ge social de la soci\u00e9t\u00e9 :\u00a0F- 33950 L\u00e8ge-Cap-Ferret EDITEUR DE LA PUBLICATION :\u00a0Castor et PolluxDIRECTEUR DE LA PUBLICATION :\u00a0Castor et PolluxRESPONSABLE DE LA REDACTION :\u00a0Castor et PolluxHEBERGEUR : OVH 2 rue [&hellip;]\" \/>\n<meta property=\"og:url\" content=\"https:\/\/castor-pollux-bateau.com\/index.php\/mentions-legales\/\" \/>\n<meta property=\"og:site_name\" content=\"Castor et Pollux\" \/>\n<meta property=\"article:modified_time\" content=\"2025-03-31T12:26:45+00:00\" \/>\n<meta name=\"twitter:card\" content=\"summary_large_image\" \/>\n<meta name=\"twitter:label1\" content=\"Est. reading time\" \/>\n\t<meta name=\"twitter:data1\" content=\"1 minute\" \/>\n<script type=\"application\/ld+json\" class=\"yoast-schema-graph\">{\"@context\":\"https:\\\/\\\/schema.org\",\"@graph\":[{\"@type\":\"WebPage\",\"@id\":\"https:\\\/\\\/castor-pollux-bateau.com\\\/index.php\\\/mentions-legales\\\/\",\"url\":\"https:\\\/\\\/castor-pollux-bateau.com\\\/index.php\\\/mentions-legales\\\/\",\"name\":\"Mentions l\u00e9gales - Castor et Pollux\",\"isPartOf\":{\"@id\":\"https:\\\/\\\/castor-pollux-bateau.com\\\/#website\"},\"datePublished\":\"2025-03-31T12:23:47+00:00\",\"dateModified\":\"2025-03-31T12:26:45+00:00\",\"breadcrumb\":{\"@id\":\"https:\\\/\\\/castor-pollux-bateau.com\\\/index.php\\\/mentions-legales\\\/#breadcrumb\"},\"inLanguage\":\"en-US\",\"potentialAction\":[{\"@type\":\"ReadAction\",\"target\":[\"https:\\\/\\\/castor-pollux-bateau.com\\\/index.php\\\/mentions-legales\\\/\"]}]},{\"@type\":\"BreadcrumbList\",\"@id\":\"https:\\\/\\\/castor-pollux-bateau.com\\\/index.php\\\/mentions-legales\\\/#breadcrumb\",\"itemListElement\":[{\"@type\":\"ListItem\",\"position\":1,\"name\":\"Accueil\",\"item\":\"https:\\\/\\\/castor-pollux-bateau.com\\\/\"},{\"@type\":\"ListItem\",\"position\":2,\"name\":\"Mentions l\u00e9gales\"}]},{\"@type\":\"WebSite\",\"@id\":\"https:\\\/\\\/castor-pollux-bateau.com\\\/#website\",\"url\":\"https:\\\/\\\/castor-pollux-bateau.com\\\/\",\"name\":\"Castor et Pollux\",\"description\":\"\",\"publisher\":{\"@id\":\"https:\\\/\\\/castor-pollux-bateau.com\\\/#organization\"},\"potentialAction\":[{\"@type\":\"SearchAction\",\"target\":{\"@type\":\"EntryPoint\",\"urlTemplate\":\"https:\\\/\\\/castor-pollux-bateau.com\\\/?s={search_term_string}\"},\"query-input\":{\"@type\":\"PropertyValueSpecification\",\"valueRequired\":true,\"valueName\":\"search_term_string\"}}],\"inLanguage\":\"en-US\"},{\"@type\":\"Organization\",\"@id\":\"https:\\\/\\\/castor-pollux-bateau.com\\\/#organization\",\"name\":\"Castor et Pollux\",\"url\":\"https:\\\/\\\/castor-pollux-bateau.com\\\/\",\"logo\":{\"@type\":\"ImageObject\",\"inLanguage\":\"en-US\",\"@id\":\"https:\\\/\\\/castor-pollux-bateau.com\\\/#\\\/schema\\\/logo\\\/image\\\/\",\"url\":\"https:\\\/\\\/castor-pollux-bateau.com\\\/wp-content\\\/uploads\\\/2025\\\/03\\\/Logo-CastorPollux.png\",\"contentUrl\":\"https:\\\/\\\/castor-pollux-bateau.com\\\/wp-content\\\/uploads\\\/2025\\\/03\\\/Logo-CastorPollux.png\",\"width\":640,\"height\":425,\"caption\":\"Castor et Pollux\"},\"image\":{\"@id\":\"https:\\\/\\\/castor-pollux-bateau.com\\\/#\\\/schema\\\/logo\\\/image\\\/\"}}]}<\/script>\n<!-- \/ Yoast SEO plugin. -->","yoast_head_json":{"title":"Mentions l\u00e9gales - Castor et Pollux","robots":{"index":"index","follow":"follow","max-snippet":"max-snippet:-1","max-image-preview":"max-image-preview:large","max-video-preview":"max-video-preview:-1"},"canonical":"https:\/\/castor-pollux-bateau.com\/index.php\/mentions-legales\/","og_locale":"en_US","og_type":"article","og_title":"Mentions l\u00e9gales - Castor et Pollux","og_description":"Mentions l\u00e9gales Nom de la soci\u00e9t\u00e9 :\u00a0Castor et PolluxNum\u00e9ro de Siret :\u00a098240871800012Nom du responsable :\u00a0Emmanuel GERBAUD Adresse de la soci\u00e9t\u00e9 :\u00a0F- 33950 L\u00e8ge-Cap-FerretAdresse du si\u00e8ge social de la soci\u00e9t\u00e9 :\u00a0F- 33950 L\u00e8ge-Cap-Ferret EDITEUR DE LA PUBLICATION :\u00a0Castor et PolluxDIRECTEUR DE LA PUBLICATION :\u00a0Castor et PolluxRESPONSABLE DE LA REDACTION :\u00a0Castor et PolluxHEBERGEUR : OVH 2 rue [&hellip;]","og_url":"https:\/\/castor-pollux-bateau.com\/index.php\/mentions-legales\/","og_site_name":"Castor et Pollux","article_modified_time":"2025-03-31T12:26:45+00:00","twitter_card":"summary_large_image","twitter_misc":{"Est. reading time":"1 minute"},"schema":{"@context":"https:\/\/schema.org","@graph":[{"@type":"WebPage","@id":"https:\/\/castor-pollux-bateau.com\/index.php\/mentions-legales\/","url":"https:\/\/castor-pollux-bateau.com\/index.php\/mentions-legales\/","name":"Mentions l\u00e9gales - Castor et Pollux","isPartOf":{"@id":"https:\/\/castor-pollux-bateau.com\/#website"},"datePublished":"2025-03-31T12:23:47+00:00","dateModified":"2025-03-31T12:26:45+00:00","breadcrumb":{"@id":"https:\/\/castor-pollux-bateau.com\/index.php\/mentions-legales\/#breadcrumb"},"inLanguage":"en-US","potentialAction":[{"@type":"ReadAction","target":["https:\/\/castor-pollux-bateau.com\/index.php\/mentions-legales\/"]}]},{"@type":"BreadcrumbList","@id":"https:\/\/castor-pollux-bateau.com\/index.php\/mentions-legales\/#breadcrumb","itemListElement":[{"@type":"ListItem","position":1,"name":"Accueil","item":"https:\/\/castor-pollux-bateau.com\/"},{"@type":"ListItem","position":2,"name":"Mentions l\u00e9gales"}]},{"@type":"WebSite","@id":"https:\/\/castor-pollux-bateau.com\/#website","url":"https:\/\/castor-pollux-bateau.com\/","name":"Castor et Pollux","description":"","publisher":{"@id":"https:\/\/castor-pollux-bateau.com\/#organization"},"potentialAction":[{"@type":"SearchAction","target":{"@type":"EntryPoint","urlTemplate":"https:\/\/castor-pollux-bateau.com\/?s={search_term_string}"},"query-input":{"@type":"PropertyValueSpecification","valueRequired":true,"valueName":"search_term_string"}}],"inLanguage":"en-US"},{"@type":"Organization","@id":"https:\/\/castor-pollux-bateau.com\/#organization","name":"Castor et Pollux","url":"https:\/\/castor-pollux-bateau.com\/","logo":{"@type":"ImageObject","inLanguage":"en-US","@id":"https:\/\/castor-pollux-bateau.com\/#\/schema\/logo\/image\/","url":"https:\/\/castor-pollux-bateau.com\/wp-content\/uploads\/2025\/03\/Logo-CastorPollux.png","contentUrl":"https:\/\/castor-pollux-bateau.com\/wp-content\/uploads\/2025\/03\/Logo-CastorPollux.png","width":640,"height":425,"caption":"Castor et Pollux"},"image":{"@id":"https:\/\/castor-pollux-bateau.com\/#\/schema\/logo\/image\/"}}]}},"_links":{"self":[{"href":"https:\/\/castor-pollux-bateau.com\/index.php\/wp-json\/wp\/v2\/pages\/207","targetHints":{"allow":["GET"]}}],"collection":[{"href":"https:\/\/castor-pollux-bateau.com\/index.php\/wp-json\/wp\/v2\/pages"}],"about":[{"href":"https:\/\/castor-pollux-bateau.com\/index.php\/wp-json\/wp\/v2\/types\/page"}],"author":[{"embeddable":true,"href":"https:\/\/castor-pollux-bateau.com\/index.php\/wp-json\/wp\/v2\/users\/2"}],"replies":[{"embeddable":true,"href":"https:\/\/castor-pollux-bateau.com\/index.php\/wp-json\/wp\/v2\/comments?post=207"}],"version-history":[{"count":4,"href":"https:\/\/castor-pollux-bateau.com\/index.php\/wp-json\/wp\/v2\/pages\/207\/revisions"}],"predecessor-version":[{"id":212,"href":"https:\/\/castor-pollux-bateau.com\/index.php\/wp-json\/wp\/v2\/pages\/207\/revisions\/212"}],"wp:attachment":[{"href":"https:\/\/castor-pollux-bateau.com\/index.php\/wp-json\/wp\/v2\/media?parent=207"}],"curies":[{"name":"wp","href":"https:\/\/api.w.org\/{rel}","templated":true}]}}