{"id":182,"date":"2025-03-28T14:52:48","date_gmt":"2025-03-28T13:52:48","guid":{"rendered":"https:\/\/castor-pollux-bateau.com\/?post_type=product&#038;p=182"},"modified":"2025-06-05T10:23:16","modified_gmt":"2025-06-05T08:23:16","slug":"dispersion-des-cendres","status":"publish","type":"product","link":"https:\/\/castor-pollux-bateau.com\/index.php\/produit\/dispersion-des-cendres\/","title":{"rendered":"Dispersion des cendres"},"content":{"rendered":"<h2><strong>Comment se d\u00e9roule la c\u00e9r\u00e9monie de dispersion de cendres sur le Bassin d&#8217;Arcachon ?<\/strong><\/h2>\n<p>Il doit \u00eatre port\u00e9 \u00e0 votre connaissance que la\u00a0<strong>l\u00e9gislation vous permet au maximum de conserver l&#8217;urne contenant les cendres de votre proche durant un an<\/strong>. Vous devez ensuite pr\u00e9voir leur dispersion sur terre ou en mer selon un cadre r\u00e8glementaire pr\u00e9cis.<\/p>\n<p><strong>Nous nous occupons de l&#8217;ensemble des formalit\u00e9s<\/strong>\u00a0administratives qui vous incombent afin de vous lib\u00e9rer de ces d\u00e9tails administratifs.<\/p>\n<p>Nous pouvons\u00a0<strong>embarquer 7 passagers \u00e0 bord au d\u00e9part d&#8217;Arcachon<\/strong>, du Cap Ferret, d&#8217;Andernos, d&#8217;Ar\u00e8s, de Gujan, de Claouey, de La Vigne, du Canon ou de Piquey.<\/p>\n<p><strong>Nous choisissons ensemble<\/strong>\u00a0au pr\u00e9alable,\u00a0<strong>l&#8217;endroit que vous souhaitez pour disperser<\/strong>\u00a0les cendres de votre proches sur le Bassin d&#8217;Arcachon. En g\u00e9n\u00e9ral, les endroits les plus appr\u00e9ci\u00e9s sont devant les Cabanes tchanqu\u00e9es, le phare du\u00a0<strong>Cap Ferret<\/strong>, la Dune du Pilat ou le banc d&#8217;Arguin.<\/p>\n<p>Nous tenons \u00e0 votre disposition le syst\u00e8me audio du bateau afin de\u00a0<strong>diffuser la musique de votre choix<\/strong>\u00a0si vous le souhaitez.<\/p>\n<p>Vous avez la possibilit\u00e9 de\u00a0<strong>disperse<\/strong>r \u00e9galement\u00a0<strong>des fleurs<\/strong>.<\/p>\n<p>Nous \u00e9tablirons un\u00a0<strong>certificat de dispersion<\/strong>\u00a0pr\u00e9cisant les\u00a0<strong>coordonn\u00e9es GPS<\/strong>\u00a0du site de dispersion des cendres sur le\u00a0<strong>Bassin d&#8217;Arcachon<\/strong>\u00a0afin que vous puissiez revenir vous recueillir si vous le souhaitez.<\/p>\n","protected":false},"excerpt":{"rendered":"<p><strong>Castor et Pollux<\/strong>, centre de navigation bas\u00e9 sur la presqu&#8217;ile du\u00a0<strong>Cap Ferret sur le Bassin d&#8217;Arcachon<\/strong>, tient son bateau \u00e0 votre disposition pour r\u00e9aliser une c\u00e9r\u00e9monie d&#8217;adieux en dispersant les cendres de votre proche sur le plan d&#8217;eau du\u00a0<strong>Bassin d&#8217;Arcachon<\/strong>.<\/p>\n","protected":false},"featured_media":225,"template":"","meta":[],"product_brand":[],"product_cat":[20],"product_tag":[],"class_list":{"0":"post-182","1":"product","2":"type-product","3":"status-publish","4":"has-post-thumbnail","6":"product_cat-options","8":"first","9":"instock","10":"taxable","11":"shipping-taxable","12":"purchasable","13":"product-type-variable"},"yoast_head":"<!-- This site is optimized with the Yoast SEO plugin v27.4 - https:\/\/yoast.com\/product\/yoast-seo-wordpress\/ -->\n<title>Dispersion des cendres - Castor et Pollux<\/title>\n<meta name=\"robots\" content=\"index, follow, max-snippet:-1, max-image-preview:large, max-video-preview:-1\" \/>\n<link rel=\"canonical\" href=\"https:\/\/castor-pollux-bateau.com\/index.php\/produit\/dispersion-des-cendres\/\" \/>\n<meta property=\"og:locale\" content=\"en_US\" \/>\n<meta property=\"og:type\" content=\"article\" \/>\n<meta property=\"og:title\" content=\"Dispersion des cendres - Castor et Pollux\" \/>\n<meta property=\"og:description\" content=\"Castor et Pollux, centre de navigation bas\u00e9 sur la presqu&#039;ile du\u00a0Cap Ferret sur le Bassin d&#039;Arcachon, tient son bateau \u00e0 votre disposition pour r\u00e9aliser une c\u00e9r\u00e9monie d&#039;adieux en dispersant les cendres de votre proche sur le plan d&#039;eau du\u00a0Bassin d&#039;Arcachon.\" \/>\n<meta property=\"og:url\" content=\"https:\/\/castor-pollux-bateau.com\/index.php\/produit\/dispersion-des-cendres\/\" \/>\n<meta property=\"og:site_name\" content=\"Castor et Pollux\" \/>\n<meta property=\"article:modified_time\" content=\"2025-06-05T08:23:16+00:00\" \/>\n<meta property=\"og:image\" content=\"http:\/\/castor-pollux-bateau.com\/wp-content\/uploads\/2025\/03\/dispertion-cendre-bassin-arcachon.jpeg\" \/>\n\t<meta property=\"og:image:width\" content=\"800\" \/>\n\t<meta property=\"og:image:height\" content=\"532\" \/>\n\t<meta property=\"og:image:type\" content=\"image\/jpeg\" \/>\n<meta name=\"twitter:card\" content=\"summary_large_image\" \/>\n<meta name=\"twitter:label1\" content=\"Est. reading time\" \/>\n\t<meta name=\"twitter:data1\" content=\"2 minutes\" \/>\n<script type=\"application\/ld+json\" class=\"yoast-schema-graph\">{\"@context\":\"https:\\\/\\\/schema.org\",\"@graph\":[{\"@type\":\"WebPage\",\"@id\":\"https:\\\/\\\/castor-pollux-bateau.com\\\/index.php\\\/produit\\\/dispersion-des-cendres\\\/\",\"url\":\"https:\\\/\\\/castor-pollux-bateau.com\\\/index.php\\\/produit\\\/dispersion-des-cendres\\\/\",\"name\":\"Dispersion des cendres - Castor et Pollux\",\"isPartOf\":{\"@id\":\"https:\\\/\\\/castor-pollux-bateau.com\\\/#website\"},\"primaryImageOfPage\":{\"@id\":\"https:\\\/\\\/castor-pollux-bateau.com\\\/index.php\\\/produit\\\/dispersion-des-cendres\\\/#primaryimage\"},\"image\":{\"@id\":\"https:\\\/\\\/castor-pollux-bateau.com\\\/index.php\\\/produit\\\/dispersion-des-cendres\\\/#primaryimage\"},\"thumbnailUrl\":\"https:\\\/\\\/castor-pollux-bateau.com\\\/wp-content\\\/uploads\\\/2025\\\/03\\\/dispertion-cendre-bassin-arcachon.jpeg\",\"datePublished\":\"2025-03-28T13:52:48+00:00\",\"dateModified\":\"2025-06-05T08:23:16+00:00\",\"breadcrumb\":{\"@id\":\"https:\\\/\\\/castor-pollux-bateau.com\\\/index.php\\\/produit\\\/dispersion-des-cendres\\\/#breadcrumb\"},\"inLanguage\":\"en-US\",\"potentialAction\":[{\"@type\":\"ReadAction\",\"target\":[\"https:\\\/\\\/castor-pollux-bateau.com\\\/index.php\\\/produit\\\/dispersion-des-cendres\\\/\"]}]},{\"@type\":\"ImageObject\",\"inLanguage\":\"en-US\",\"@id\":\"https:\\\/\\\/castor-pollux-bateau.com\\\/index.php\\\/produit\\\/dispersion-des-cendres\\\/#primaryimage\",\"url\":\"https:\\\/\\\/castor-pollux-bateau.com\\\/wp-content\\\/uploads\\\/2025\\\/03\\\/dispertion-cendre-bassin-arcachon.jpeg\",\"contentUrl\":\"https:\\\/\\\/castor-pollux-bateau.com\\\/wp-content\\\/uploads\\\/2025\\\/03\\\/dispertion-cendre-bassin-arcachon.jpeg\",\"width\":800,\"height\":532},{\"@type\":\"BreadcrumbList\",\"@id\":\"https:\\\/\\\/castor-pollux-bateau.com\\\/index.php\\\/produit\\\/dispersion-des-cendres\\\/#breadcrumb\",\"itemListElement\":[{\"@type\":\"ListItem\",\"position\":1,\"name\":\"Accueil\",\"item\":\"https:\\\/\\\/castor-pollux-bateau.com\\\/\"},{\"@type\":\"ListItem\",\"position\":2,\"name\":\"Boutique\",\"item\":\"https:\\\/\\\/castor-pollux-bateau.com\\\/\"},{\"@type\":\"ListItem\",\"position\":3,\"name\":\"Dispersion des cendres\"}]},{\"@type\":\"WebSite\",\"@id\":\"https:\\\/\\\/castor-pollux-bateau.com\\\/#website\",\"url\":\"https:\\\/\\\/castor-pollux-bateau.com\\\/\",\"name\":\"Castor et Pollux\",\"description\":\"\",\"publisher\":{\"@id\":\"https:\\\/\\\/castor-pollux-bateau.com\\\/#organization\"},\"potentialAction\":[{\"@type\":\"SearchAction\",\"target\":{\"@type\":\"EntryPoint\",\"urlTemplate\":\"https:\\\/\\\/castor-pollux-bateau.com\\\/?s={search_term_string}\"},\"query-input\":{\"@type\":\"PropertyValueSpecification\",\"valueRequired\":true,\"valueName\":\"search_term_string\"}}],\"inLanguage\":\"en-US\"},{\"@type\":\"Organization\",\"@id\":\"https:\\\/\\\/castor-pollux-bateau.com\\\/#organization\",\"name\":\"Castor et Pollux\",\"url\":\"https:\\\/\\\/castor-pollux-bateau.com\\\/\",\"logo\":{\"@type\":\"ImageObject\",\"inLanguage\":\"en-US\",\"@id\":\"https:\\\/\\\/castor-pollux-bateau.com\\\/#\\\/schema\\\/logo\\\/image\\\/\",\"url\":\"https:\\\/\\\/castor-pollux-bateau.com\\\/wp-content\\\/uploads\\\/2025\\\/03\\\/Logo-CastorPollux.png\",\"contentUrl\":\"https:\\\/\\\/castor-pollux-bateau.com\\\/wp-content\\\/uploads\\\/2025\\\/03\\\/Logo-CastorPollux.png\",\"width\":640,\"height\":425,\"caption\":\"Castor et Pollux\"},\"image\":{\"@id\":\"https:\\\/\\\/castor-pollux-bateau.com\\\/#\\\/schema\\\/logo\\\/image\\\/\"}}]}<\/script>\n<!-- \/ Yoast SEO plugin. -->","yoast_head_json":{"title":"Dispersion des cendres - Castor et Pollux","robots":{"index":"index","follow":"follow","max-snippet":"max-snippet:-1","max-image-preview":"max-image-preview:large","max-video-preview":"max-video-preview:-1"},"canonical":"https:\/\/castor-pollux-bateau.com\/index.php\/produit\/dispersion-des-cendres\/","og_locale":"en_US","og_type":"article","og_title":"Dispersion des cendres - Castor et Pollux","og_description":"Castor et Pollux, centre de navigation bas\u00e9 sur la presqu'ile du\u00a0Cap Ferret sur le Bassin d'Arcachon, tient son bateau \u00e0 votre disposition pour r\u00e9aliser une c\u00e9r\u00e9monie d'adieux en dispersant les cendres de votre proche sur le plan d'eau du\u00a0Bassin d'Arcachon.","og_url":"https:\/\/castor-pollux-bateau.com\/index.php\/produit\/dispersion-des-cendres\/","og_site_name":"Castor et Pollux","article_modified_time":"2025-06-05T08:23:16+00:00","og_image":[{"width":800,"height":532,"url":"http:\/\/castor-pollux-bateau.com\/wp-content\/uploads\/2025\/03\/dispertion-cendre-bassin-arcachon.jpeg","type":"image\/jpeg"}],"twitter_card":"summary_large_image","twitter_misc":{"Est. reading time":"2 minutes"},"schema":{"@context":"https:\/\/schema.org","@graph":[{"@type":"WebPage","@id":"https:\/\/castor-pollux-bateau.com\/index.php\/produit\/dispersion-des-cendres\/","url":"https:\/\/castor-pollux-bateau.com\/index.php\/produit\/dispersion-des-cendres\/","name":"Dispersion des cendres - Castor et Pollux","isPartOf":{"@id":"https:\/\/castor-pollux-bateau.com\/#website"},"primaryImageOfPage":{"@id":"https:\/\/castor-pollux-bateau.com\/index.php\/produit\/dispersion-des-cendres\/#primaryimage"},"image":{"@id":"https:\/\/castor-pollux-bateau.com\/index.php\/produit\/dispersion-des-cendres\/#primaryimage"},"thumbnailUrl":"https:\/\/castor-pollux-bateau.com\/wp-content\/uploads\/2025\/03\/dispertion-cendre-bassin-arcachon.jpeg","datePublished":"2025-03-28T13:52:48+00:00","dateModified":"2025-06-05T08:23:16+00:00","breadcrumb":{"@id":"https:\/\/castor-pollux-bateau.com\/index.php\/produit\/dispersion-des-cendres\/#breadcrumb"},"inLanguage":"en-US","potentialAction":[{"@type":"ReadAction","target":["https:\/\/castor-pollux-bateau.com\/index.php\/produit\/dispersion-des-cendres\/"]}]},{"@type":"ImageObject","inLanguage":"en-US","@id":"https:\/\/castor-pollux-bateau.com\/index.php\/produit\/dispersion-des-cendres\/#primaryimage","url":"https:\/\/castor-pollux-bateau.com\/wp-content\/uploads\/2025\/03\/dispertion-cendre-bassin-arcachon.jpeg","contentUrl":"https:\/\/castor-pollux-bateau.com\/wp-content\/uploads\/2025\/03\/dispertion-cendre-bassin-arcachon.jpeg","width":800,"height":532},{"@type":"BreadcrumbList","@id":"https:\/\/castor-pollux-bateau.com\/index.php\/produit\/dispersion-des-cendres\/#breadcrumb","itemListElement":[{"@type":"ListItem","position":1,"name":"Accueil","item":"https:\/\/castor-pollux-bateau.com\/"},{"@type":"ListItem","position":2,"name":"Boutique","item":"https:\/\/castor-pollux-bateau.com\/"},{"@type":"ListItem","position":3,"name":"Dispersion des cendres"}]},{"@type":"WebSite","@id":"https:\/\/castor-pollux-bateau.com\/#website","url":"https:\/\/castor-pollux-bateau.com\/","name":"Castor et Pollux","description":"","publisher":{"@id":"https:\/\/castor-pollux-bateau.com\/#organization"},"potentialAction":[{"@type":"SearchAction","target":{"@type":"EntryPoint","urlTemplate":"https:\/\/castor-pollux-bateau.com\/?s={search_term_string}"},"query-input":{"@type":"PropertyValueSpecification","valueRequired":true,"valueName":"search_term_string"}}],"inLanguage":"en-US"},{"@type":"Organization","@id":"https:\/\/castor-pollux-bateau.com\/#organization","name":"Castor et Pollux","url":"https:\/\/castor-pollux-bateau.com\/","logo":{"@type":"ImageObject","inLanguage":"en-US","@id":"https:\/\/castor-pollux-bateau.com\/#\/schema\/logo\/image\/","url":"https:\/\/castor-pollux-bateau.com\/wp-content\/uploads\/2025\/03\/Logo-CastorPollux.png","contentUrl":"https:\/\/castor-pollux-bateau.com\/wp-content\/uploads\/2025\/03\/Logo-CastorPollux.png","width":640,"height":425,"caption":"Castor et Pollux"},"image":{"@id":"https:\/\/castor-pollux-bateau.com\/#\/schema\/logo\/image\/"}}]}},"_links":{"self":[{"href":"https:\/\/castor-pollux-bateau.com\/index.php\/wp-json\/wp\/v2\/product\/182","targetHints":{"allow":["GET"]}}],"collection":[{"href":"https:\/\/castor-pollux-bateau.com\/index.php\/wp-json\/wp\/v2\/product"}],"about":[{"href":"https:\/\/castor-pollux-bateau.com\/index.php\/wp-json\/wp\/v2\/types\/product"}],"wp:featuredmedia":[{"embeddable":true,"href":"https:\/\/castor-pollux-bateau.com\/index.php\/wp-json\/wp\/v2\/media\/225"}],"wp:attachment":[{"href":"https:\/\/castor-pollux-bateau.com\/index.php\/wp-json\/wp\/v2\/media?parent=182"}],"wp:term":[{"taxonomy":"product_brand","embeddable":true,"href":"https:\/\/castor-pollux-bateau.com\/index.php\/wp-json\/wp\/v2\/product_brand?post=182"},{"taxonomy":"product_cat","embeddable":true,"href":"https:\/\/castor-pollux-bateau.com\/index.php\/wp-json\/wp\/v2\/product_cat?post=182"},{"taxonomy":"product_tag","embeddable":true,"href":"https:\/\/castor-pollux-bateau.com\/index.php\/wp-json\/wp\/v2\/product_tag?post=182"}],"curies":[{"name":"wp","href":"https:\/\/api.w.org\/{rel}","templated":true}]}}