{"id":63,"date":"2025-03-26T09:55:22","date_gmt":"2025-03-26T08:55:22","guid":{"rendered":"https:\/\/castor-pollux-bateau.com\/?post_type=product&#038;p=63"},"modified":"2026-01-05T08:47:30","modified_gmt":"2026-01-05T07:47:30","slug":"coffret-cadeau-permis-bateau-cotier-formule-premium","status":"publish","type":"product","link":"https:\/\/castor-pollux-bateau.com\/index.php\/produit\/coffret-cadeau-permis-bateau-cotier-formule-premium\/","title":{"rendered":"Permis Bateau C\u00f4tier &#8211; Formule Confort"},"content":{"rendered":"<ul>\n<li dir=\"ltr\" role=\"presentation\">kit p\u00e9dagogique (carnet, livre de code, papeterie)<\/li>\n<li dir=\"ltr\" role=\"presentation\">Acc\u00e8s illimit\u00e9 au E-learning 24h\/24h\u00a0: cours en lignes et tests d\u2019entrainement \u00e0 l\u2019examen du code<\/li>\n<li dir=\"ltr\" role=\"presentation\">Cours en salle 1 journ\u00e9e de\u00a0<strong>7 heures obligatoires<\/strong>\u00a0(\u00e0 planifier selon vos disponibilit\u00e9s)<\/li>\n<li dir=\"ltr\" role=\"presentation\">Pratique\u00a0<strong>4 heures<\/strong><strong>\u00a0\u00e0 la barre<\/strong>\u00a0du bateau<\/li>\n<li dir=\"ltr\" role=\"presentation\">inscription et dossier<\/li>\n<li dir=\"ltr\" role=\"presentation\">offerts cours et tests en ligne afin\u00a0<a href=\"https:\/\/www.castoretpollux.net\/details-obtenir+le+certificat+restreint+de+radiotelephonie+crr+sur+le+bassin+d+arcachon-434\"><strong>d&#8217;obtenir le CRR<\/strong><\/a><\/li>\n<li>Pr\u00e9voir en sus 2 timbres fiscaux : 78\u20ac pour l&#8217;\u00e9mission du permis, et 30\u20ac pour le passage du code<\/li>\n<\/ul>\n","protected":false},"excerpt":{"rendered":"<p><span style=\"font-weight: 400;\">\u201cBien plus qu\u2019essentiel\u202f! En plus du permis bateau en coffret-cadeau, faites plaisir avec une demi-journ\u00e9e suppl\u00e9mentaire&#8221;.\u00a0<\/span><\/p>\n","protected":false},"featured_media":254,"template":"","meta":[],"product_brand":[],"product_cat":[16],"product_tag":[],"class_list":{"0":"post-63","1":"product","2":"type-product","3":"status-publish","4":"has-post-thumbnail","6":"product_cat-coffret-cadeau","8":"first","9":"instock","10":"downloadable","11":"taxable","12":"shipping-taxable","13":"purchasable","14":"product-type-simple"},"yoast_head":"<!-- This site is optimized with the Yoast SEO plugin v27.4 - https:\/\/yoast.com\/product\/yoast-seo-wordpress\/ -->\n<title>Permis Bateau C\u00f4tier - Formule Confort - Castor et Pollux<\/title>\n<meta name=\"description\" content=\"Un cadeau inoubliable : le permis bateau c\u00f4tier Premium sur le Bassin d\u2019Arcachon ! Formation avec accompagnement renforc\u00e9 et flexibilit\u00e9 des horaires. Offrez la libert\u00e9 de naviguer !\" \/>\n<meta name=\"robots\" content=\"index, follow, max-snippet:-1, max-image-preview:large, max-video-preview:-1\" \/>\n<link rel=\"canonical\" href=\"https:\/\/castor-pollux-bateau.com\/index.php\/produit\/coffret-cadeau-permis-bateau-cotier-formule-premium\/\" \/>\n<meta property=\"og:locale\" content=\"en_US\" \/>\n<meta property=\"og:type\" content=\"article\" \/>\n<meta property=\"og:title\" content=\"Permis Bateau C\u00f4tier - Formule Confort - Castor et Pollux\" \/>\n<meta property=\"og:description\" content=\"Un cadeau inoubliable : le permis bateau c\u00f4tier Premium sur le Bassin d\u2019Arcachon ! Formation avec accompagnement renforc\u00e9 et flexibilit\u00e9 des horaires. Offrez la libert\u00e9 de naviguer !\" \/>\n<meta property=\"og:url\" content=\"https:\/\/castor-pollux-bateau.com\/index.php\/produit\/coffret-cadeau-permis-bateau-cotier-formule-premium\/\" \/>\n<meta property=\"og:site_name\" content=\"Castor et Pollux\" \/>\n<meta property=\"article:modified_time\" content=\"2026-01-05T07:47:30+00:00\" \/>\n<meta property=\"og:image\" content=\"http:\/\/castor-pollux-bateau.com\/wp-content\/uploads\/2025\/03\/Coffret-cadeau-Formule-Confort-1.png\" \/>\n\t<meta property=\"og:image:width\" content=\"1654\" \/>\n\t<meta property=\"og:image:height\" content=\"1654\" \/>\n\t<meta property=\"og:image:type\" content=\"image\/png\" \/>\n<meta name=\"twitter:card\" content=\"summary_large_image\" \/>\n<meta name=\"twitter:label1\" content=\"Est. reading time\" \/>\n\t<meta name=\"twitter:data1\" content=\"1 minute\" \/>\n<script type=\"application\/ld+json\" class=\"yoast-schema-graph\">{\"@context\":\"https:\\\/\\\/schema.org\",\"@graph\":[{\"@type\":\"WebPage\",\"@id\":\"https:\\\/\\\/castor-pollux-bateau.com\\\/index.php\\\/produit\\\/coffret-cadeau-permis-bateau-cotier-formule-premium\\\/\",\"url\":\"https:\\\/\\\/castor-pollux-bateau.com\\\/index.php\\\/produit\\\/coffret-cadeau-permis-bateau-cotier-formule-premium\\\/\",\"name\":\"Permis Bateau C\u00f4tier - Formule Confort - Castor et Pollux\",\"isPartOf\":{\"@id\":\"https:\\\/\\\/castor-pollux-bateau.com\\\/#website\"},\"primaryImageOfPage\":{\"@id\":\"https:\\\/\\\/castor-pollux-bateau.com\\\/index.php\\\/produit\\\/coffret-cadeau-permis-bateau-cotier-formule-premium\\\/#primaryimage\"},\"image\":{\"@id\":\"https:\\\/\\\/castor-pollux-bateau.com\\\/index.php\\\/produit\\\/coffret-cadeau-permis-bateau-cotier-formule-premium\\\/#primaryimage\"},\"thumbnailUrl\":\"https:\\\/\\\/castor-pollux-bateau.com\\\/wp-content\\\/uploads\\\/2025\\\/03\\\/Coffret-cadeau-Formule-Confort-1.png\",\"datePublished\":\"2025-03-26T08:55:22+00:00\",\"dateModified\":\"2026-01-05T07:47:30+00:00\",\"description\":\"Un cadeau inoubliable : le permis bateau c\u00f4tier Premium sur le Bassin d\u2019Arcachon ! Formation avec accompagnement renforc\u00e9 et flexibilit\u00e9 des horaires. Offrez la libert\u00e9 de naviguer !\",\"breadcrumb\":{\"@id\":\"https:\\\/\\\/castor-pollux-bateau.com\\\/index.php\\\/produit\\\/coffret-cadeau-permis-bateau-cotier-formule-premium\\\/#breadcrumb\"},\"inLanguage\":\"en-US\",\"potentialAction\":[{\"@type\":\"ReadAction\",\"target\":[\"https:\\\/\\\/castor-pollux-bateau.com\\\/index.php\\\/produit\\\/coffret-cadeau-permis-bateau-cotier-formule-premium\\\/\"]}]},{\"@type\":\"ImageObject\",\"inLanguage\":\"en-US\",\"@id\":\"https:\\\/\\\/castor-pollux-bateau.com\\\/index.php\\\/produit\\\/coffret-cadeau-permis-bateau-cotier-formule-premium\\\/#primaryimage\",\"url\":\"https:\\\/\\\/castor-pollux-bateau.com\\\/wp-content\\\/uploads\\\/2025\\\/03\\\/Coffret-cadeau-Formule-Confort-1.png\",\"contentUrl\":\"https:\\\/\\\/castor-pollux-bateau.com\\\/wp-content\\\/uploads\\\/2025\\\/03\\\/Coffret-cadeau-Formule-Confort-1.png\",\"width\":1654,\"height\":1654},{\"@type\":\"BreadcrumbList\",\"@id\":\"https:\\\/\\\/castor-pollux-bateau.com\\\/index.php\\\/produit\\\/coffret-cadeau-permis-bateau-cotier-formule-premium\\\/#breadcrumb\",\"itemListElement\":[{\"@type\":\"ListItem\",\"position\":1,\"name\":\"Accueil\",\"item\":\"https:\\\/\\\/castor-pollux-bateau.com\\\/\"},{\"@type\":\"ListItem\",\"position\":2,\"name\":\"Boutique\",\"item\":\"https:\\\/\\\/castor-pollux-bateau.com\\\/\"},{\"@type\":\"ListItem\",\"position\":3,\"name\":\"Permis Bateau C\u00f4tier &#8211; Formule Confort\"}]},{\"@type\":\"WebSite\",\"@id\":\"https:\\\/\\\/castor-pollux-bateau.com\\\/#website\",\"url\":\"https:\\\/\\\/castor-pollux-bateau.com\\\/\",\"name\":\"Castor et Pollux\",\"description\":\"\",\"publisher\":{\"@id\":\"https:\\\/\\\/castor-pollux-bateau.com\\\/#organization\"},\"potentialAction\":[{\"@type\":\"SearchAction\",\"target\":{\"@type\":\"EntryPoint\",\"urlTemplate\":\"https:\\\/\\\/castor-pollux-bateau.com\\\/?s={search_term_string}\"},\"query-input\":{\"@type\":\"PropertyValueSpecification\",\"valueRequired\":true,\"valueName\":\"search_term_string\"}}],\"inLanguage\":\"en-US\"},{\"@type\":\"Organization\",\"@id\":\"https:\\\/\\\/castor-pollux-bateau.com\\\/#organization\",\"name\":\"Castor et Pollux\",\"url\":\"https:\\\/\\\/castor-pollux-bateau.com\\\/\",\"logo\":{\"@type\":\"ImageObject\",\"inLanguage\":\"en-US\",\"@id\":\"https:\\\/\\\/castor-pollux-bateau.com\\\/#\\\/schema\\\/logo\\\/image\\\/\",\"url\":\"https:\\\/\\\/castor-pollux-bateau.com\\\/wp-content\\\/uploads\\\/2025\\\/03\\\/Logo-CastorPollux.png\",\"contentUrl\":\"https:\\\/\\\/castor-pollux-bateau.com\\\/wp-content\\\/uploads\\\/2025\\\/03\\\/Logo-CastorPollux.png\",\"width\":640,\"height\":425,\"caption\":\"Castor et Pollux\"},\"image\":{\"@id\":\"https:\\\/\\\/castor-pollux-bateau.com\\\/#\\\/schema\\\/logo\\\/image\\\/\"}}]}<\/script>\n<!-- \/ Yoast SEO plugin. -->","yoast_head_json":{"title":"Permis Bateau C\u00f4tier - Formule Confort - Castor et Pollux","description":"Un cadeau inoubliable : le permis bateau c\u00f4tier Premium sur le Bassin d\u2019Arcachon ! Formation avec accompagnement renforc\u00e9 et flexibilit\u00e9 des horaires. Offrez la libert\u00e9 de naviguer !","robots":{"index":"index","follow":"follow","max-snippet":"max-snippet:-1","max-image-preview":"max-image-preview:large","max-video-preview":"max-video-preview:-1"},"canonical":"https:\/\/castor-pollux-bateau.com\/index.php\/produit\/coffret-cadeau-permis-bateau-cotier-formule-premium\/","og_locale":"en_US","og_type":"article","og_title":"Permis Bateau C\u00f4tier - Formule Confort - Castor et Pollux","og_description":"Un cadeau inoubliable : le permis bateau c\u00f4tier Premium sur le Bassin d\u2019Arcachon ! Formation avec accompagnement renforc\u00e9 et flexibilit\u00e9 des horaires. Offrez la libert\u00e9 de naviguer !","og_url":"https:\/\/castor-pollux-bateau.com\/index.php\/produit\/coffret-cadeau-permis-bateau-cotier-formule-premium\/","og_site_name":"Castor et Pollux","article_modified_time":"2026-01-05T07:47:30+00:00","og_image":[{"width":1654,"height":1654,"url":"http:\/\/castor-pollux-bateau.com\/wp-content\/uploads\/2025\/03\/Coffret-cadeau-Formule-Confort-1.png","type":"image\/png"}],"twitter_card":"summary_large_image","twitter_misc":{"Est. reading time":"1 minute"},"schema":{"@context":"https:\/\/schema.org","@graph":[{"@type":"WebPage","@id":"https:\/\/castor-pollux-bateau.com\/index.php\/produit\/coffret-cadeau-permis-bateau-cotier-formule-premium\/","url":"https:\/\/castor-pollux-bateau.com\/index.php\/produit\/coffret-cadeau-permis-bateau-cotier-formule-premium\/","name":"Permis Bateau C\u00f4tier - Formule Confort - Castor et Pollux","isPartOf":{"@id":"https:\/\/castor-pollux-bateau.com\/#website"},"primaryImageOfPage":{"@id":"https:\/\/castor-pollux-bateau.com\/index.php\/produit\/coffret-cadeau-permis-bateau-cotier-formule-premium\/#primaryimage"},"image":{"@id":"https:\/\/castor-pollux-bateau.com\/index.php\/produit\/coffret-cadeau-permis-bateau-cotier-formule-premium\/#primaryimage"},"thumbnailUrl":"https:\/\/castor-pollux-bateau.com\/wp-content\/uploads\/2025\/03\/Coffret-cadeau-Formule-Confort-1.png","datePublished":"2025-03-26T08:55:22+00:00","dateModified":"2026-01-05T07:47:30+00:00","description":"Un cadeau inoubliable : le permis bateau c\u00f4tier Premium sur le Bassin d\u2019Arcachon ! Formation avec accompagnement renforc\u00e9 et flexibilit\u00e9 des horaires. Offrez la libert\u00e9 de naviguer !","breadcrumb":{"@id":"https:\/\/castor-pollux-bateau.com\/index.php\/produit\/coffret-cadeau-permis-bateau-cotier-formule-premium\/#breadcrumb"},"inLanguage":"en-US","potentialAction":[{"@type":"ReadAction","target":["https:\/\/castor-pollux-bateau.com\/index.php\/produit\/coffret-cadeau-permis-bateau-cotier-formule-premium\/"]}]},{"@type":"ImageObject","inLanguage":"en-US","@id":"https:\/\/castor-pollux-bateau.com\/index.php\/produit\/coffret-cadeau-permis-bateau-cotier-formule-premium\/#primaryimage","url":"https:\/\/castor-pollux-bateau.com\/wp-content\/uploads\/2025\/03\/Coffret-cadeau-Formule-Confort-1.png","contentUrl":"https:\/\/castor-pollux-bateau.com\/wp-content\/uploads\/2025\/03\/Coffret-cadeau-Formule-Confort-1.png","width":1654,"height":1654},{"@type":"BreadcrumbList","@id":"https:\/\/castor-pollux-bateau.com\/index.php\/produit\/coffret-cadeau-permis-bateau-cotier-formule-premium\/#breadcrumb","itemListElement":[{"@type":"ListItem","position":1,"name":"Accueil","item":"https:\/\/castor-pollux-bateau.com\/"},{"@type":"ListItem","position":2,"name":"Boutique","item":"https:\/\/castor-pollux-bateau.com\/"},{"@type":"ListItem","position":3,"name":"Permis Bateau C\u00f4tier &#8211; Formule Confort"}]},{"@type":"WebSite","@id":"https:\/\/castor-pollux-bateau.com\/#website","url":"https:\/\/castor-pollux-bateau.com\/","name":"Castor et Pollux","description":"","publisher":{"@id":"https:\/\/castor-pollux-bateau.com\/#organization"},"potentialAction":[{"@type":"SearchAction","target":{"@type":"EntryPoint","urlTemplate":"https:\/\/castor-pollux-bateau.com\/?s={search_term_string}"},"query-input":{"@type":"PropertyValueSpecification","valueRequired":true,"valueName":"search_term_string"}}],"inLanguage":"en-US"},{"@type":"Organization","@id":"https:\/\/castor-pollux-bateau.com\/#organization","name":"Castor et Pollux","url":"https:\/\/castor-pollux-bateau.com\/","logo":{"@type":"ImageObject","inLanguage":"en-US","@id":"https:\/\/castor-pollux-bateau.com\/#\/schema\/logo\/image\/","url":"https:\/\/castor-pollux-bateau.com\/wp-content\/uploads\/2025\/03\/Logo-CastorPollux.png","contentUrl":"https:\/\/castor-pollux-bateau.com\/wp-content\/uploads\/2025\/03\/Logo-CastorPollux.png","width":640,"height":425,"caption":"Castor et Pollux"},"image":{"@id":"https:\/\/castor-pollux-bateau.com\/#\/schema\/logo\/image\/"}}]}},"_links":{"self":[{"href":"https:\/\/castor-pollux-bateau.com\/index.php\/wp-json\/wp\/v2\/product\/63","targetHints":{"allow":["GET"]}}],"collection":[{"href":"https:\/\/castor-pollux-bateau.com\/index.php\/wp-json\/wp\/v2\/product"}],"about":[{"href":"https:\/\/castor-pollux-bateau.com\/index.php\/wp-json\/wp\/v2\/types\/product"}],"wp:featuredmedia":[{"embeddable":true,"href":"https:\/\/castor-pollux-bateau.com\/index.php\/wp-json\/wp\/v2\/media\/254"}],"wp:attachment":[{"href":"https:\/\/castor-pollux-bateau.com\/index.php\/wp-json\/wp\/v2\/media?parent=63"}],"wp:term":[{"taxonomy":"product_brand","embeddable":true,"href":"https:\/\/castor-pollux-bateau.com\/index.php\/wp-json\/wp\/v2\/product_brand?post=63"},{"taxonomy":"product_cat","embeddable":true,"href":"https:\/\/castor-pollux-bateau.com\/index.php\/wp-json\/wp\/v2\/product_cat?post=63"},{"taxonomy":"product_tag","embeddable":true,"href":"https:\/\/castor-pollux-bateau.com\/index.php\/wp-json\/wp\/v2\/product_tag?post=63"}],"curies":[{"name":"wp","href":"https:\/\/api.w.org\/{rel}","templated":true}]}}